 of 112 and 2072.
56
Calculate the greatest common divisor of 128 and 928.
32
Calculate the highest common factor of 261 and 9.
9
Calculate the highest common factor of 17 and 425.
17
What is the highest common factor of 22440 and 48?
24
Calculate the highest common divisor of 100 and 125.
25
Calculate the highest common divisor of 100 and 125.
25
Calculate the greatest common factor of 1079 and 913.
83
Calculate the greatest common factor of 14 and 1008.
14
Calculate the greatest common factor of 24262 and 14.
14
What is the highest common factor of 94 and 1081?
47
Calculate the greatest common divisor of 630 and 10.
10
What is the highest common factor of 1938 and 204?
102
Calculate the highest common factor of 525 and 30.
15
What is the greatest common divisor of 126 and 134?
2
Calculate the highest common factor of 472 and 1534.
118
Calculate the greatest common divisor of 228 and 399.
57
What is the highest common divisor of 24 and 216?
24
What is the greatest common divisor of 255 and 105?
15
What is the highest common divisor of 15 and 3855?
15
What is the highest common divisor of 256 and 32?
32
What is the highest common divisor of 660 and 240?
60
What is the greatest common divisor of 136 and 238?
34
What is the greatest common divisor of 378 and 3423?
21
Calculate the greatest common divisor of 246 and 1599.
123
Calculate the greatest common divisor of 272 and 464.
16
What is the greatest common divisor of 8234 and 46?
46
What is the greatest common factor of 1853 and 34?
17
What is the greatest common divisor of 46770 and 10?
10
Calculate the highest common divisor of 11 and 5753.
11
What is the highest common divisor of 111 and 4921?
37
Calculate the greatest common divisor of 618 and 6.
6
Calculate the highest common factor of 1507 and 2329.
137
What is the greatest common divisor of 510 and 476?
34
Calculate the greatest common divisor of 390 and 3198.
78
Calculate the highest common divisor of 14365 and 85.
85
What is the greatest common factor of 54 and 16?
2
Calculate the greatest common factor of 77 and 308.
77
Calculate the greatest common divisor of 78 and 429.
39
Calculate the highest common divisor of 224 and 1064.
56
Calculate the highest common divisor of 2079 and 210.
21
Calculate the greatest common divisor of 1971 and 351.
27
What is the highest common factor of 34 and 6?
2
What is the highest common factor of 20 and 15?
5
Calculate the highest common factor of 2650 and 30.
10
Calculate the highest common factor of 90 and 18.
18
What is the greatest common divisor of 20806 and 206?
206
Calculate the greatest common factor of 1035 and 1840.
115
What is the greatest common divisor of 2 and 9668?
2
Calculate the highest common divisor of 2 and 65.
1
What is the highest common divisor of 13 and 6877?
13
What is the greatest common divisor of 75095 and 115?
115
Calculate the greatest common factor of 7052 and 1148.
164
What is the highest common divisor of 14 and 56?
14
Calculate the highest common divisor of 532 and 23009.
133
What is the greatest common factor of 38 and 437?
19
Calculate the highest common factor of 84 and 518.
14
Calculate the highest common divisor of 90 and 330.
30
Calculate the highest common divisor of 80 and 5680.
80
What is the greatest common divisor of 920 and 40?
40
What is the greatest common factor of 6 and 768?
6
What is the highest common factor of 765 and 45?
45
What is the greatest common divisor of 175 and 50?
25
What is the greatest common divisor of 1600 and 625?
25
Calculate the greatest common divisor of 68 and 612.
68
Calculate the greatest common divisor of 141 and 1034.
47
What is the highest common factor of 299 and 39?
13
Calculate the greatest common divisor of 207 and 1683.
9
Calculate the greatest common factor of 1098 and 1586.
122
Calculate the greatest common factor of 89 and 89.
89
What is the highest common factor of 62 and 682?
62
What is the highest common divisor of 90 and 1170?
90
Calculate the highest common divisor of 1152 and 4464.
144
What is the greatest common factor of 1085 and 124?
31
Calculate the highest common divisor of 636 and 192.
12
Calculate the highest common factor of 690 and 18.
6
Calculate the greatest common divisor of 208 and 1677.
13
What is the greatest common divisor of 442 and 136?
34
What is the greatest common divisor of 2009 and 49?
49
What is the greatest common divisor of 2 and 3106?
2
Calculate the greatest common factor of 10275 and 75.
75
Calculate the highest common factor of 923 and 568.
71
Calculate the greatest common divisor of 38 and 134.
2
What is the greatest common factor of 100 and 220?
20
Calculate the highest common divisor of 19 and 209.
19
What is the greatest common divisor of 2 and 1640?
2
Calculate the greatest common factor of 1498 and 28.
14
Calculate the greatest common divisor of 4826 and 114.
38
What is the greatest common factor of 115 and 14260?
115
What is the greatest common divisor of 24 and 264?
24
Calculate the highest common divisor of 697 and 2346.
17
Calculate the highest common divisor of 40 and 160.
40
What is the highest common divisor of 16472 and 8?
8
What is the highest common divisor of 5 and 185?
5
What is the greatest common factor of 1380 and 120?
60
What is the highest common factor of 570 and 530?
10
Calculate the greatest common divisor of 52 and 1066.
26
What is the greatest common divisor of 400 and 225?
25
What is the greatest common factor of 1179 and 18?
9
Calculate the greatest common divisor of 6 and 234.
6
Calculate the highest common factor of 60 and 852.
12
Calculate the greatest common divisor of 19 and 11077.
19
What is the highest common factor of 31 and 775?
31
What is the greatest common divisor of 240 and 336?
48
What is the greatest common divisor of 14 and 350?
14
What is the highest common factor of 39 and 312?
39
Calculate the greatest common divisor of 132 and 156.
12
What is the highest common factor of 52 and 91?
13
Calculate the greatest common factor of 390 and 624.
78
Calculate the highest common divisor of 228 and 84.
12
Calculate the highest common divisor of 776 and 679.
97
What is the highest common factor of 152 and 38?
38
What is the highest common factor of 266 and 570?
38
What is the greatest common factor of 25 and 40?
5
Calculate the highest common factor of 323 and 17.
17
Calculate the greatest common factor of 88 and 8.
8
Calculate the highest common factor of 11 and 26521.
11
What is the greatest common divisor of 1632 and 1938?
102
Calculate the greatest common factor of 153 and 81.
9
What is the highest common divisor of 544 and 17?
17
Calculate the greatest common factor of 32 and 224.
32
Calculate the greatest common factor of 1245 and 1.
1
What is the highest common factor of 1749 and 264?
33
Calculate the highest common factor of 28 and 3584.
28
Calculate the greatest common divisor of 3078 and 570.
114
Calculate the greatest common divisor of 1616 and 101.
101
Calculate the greatest common factor of 90 and 10.
10
Calculate the highest common divisor of 19 and 57.
19
What is the greatest common factor of 1462 and 1204?
86
Calculate the greatest common divisor of 38085 and 15.
15
Calculate the greatest common factor of 1779 and 12.
3
What is the greatest common divisor of 8 and 5444?
4
What is the greatest common divisor of 372 and 651?
93
Calculate the highest common divisor of 1533 and 329.
7
Calculate the highest common divisor of 6 and 18.
6
Calculate the highest common factor of 50 and 61150.
50
Calculate the highest common factor of 3450 and 650.
50
What is the highest common divisor of 56 and 344?
8
Calculate the greatest common factor of 406 and 938.
14
What is the highest common factor of 736 and 782?
46
Calculate the greatest common divisor of 120 and 150.
30
Calculate the highest common factor of 124 and 2294.
62
Calculate the greatest common factor of 118 and 1003.
59
Calculate the greatest common factor of 8 and 18.
2
What is the greatest common factor of 560 and 385?
35
Calculate the highest common factor of 1130 and 250.
10
What is the greatest common divisor of 12859 and 693?
77
What is the greatest common factor of 68 and 4?
4
What is the highest common factor of 426 and 246?
6
What is the greatest common factor of 3 and 1